- 6*g = 3*z - 101, -2*g + z = -43. Suppose -g = -5*q + 852. Suppose 35 = -4*x + q. List the prime factors of x.
5, 7
Suppose 11*y = -15*y - 468. What are the prime factors of 12205/30 + ((-21)/y)/7?
11, 37
List the prime factors of ((-340)/17 + -120)*-1*1*1.
2, 5, 7
Suppose 416035 = 56*f - 553829. What are the prime factors of f?
3, 23, 251
Suppose 0 = -9*u + 7*u + 4*l + 26034, -6*u + 4*l + 78134 = 0. What are the prime factors of u?
5, 521
Suppose 5*y - 3*o - 9 = 0, 2*o - 1 = 2*y - 3. Suppose -y*z + 17 = 23. What are the prime factors of (-519)/(-6)*(z - 4/(-1))?
173
What are the prime factors of -2*(-144070)/20 - -12?
14419
Suppose 0*j + 89 = j. Suppose 5*i + 15 = -3*f, 3*i + 3*f - 8*f = 25. Suppose i*w - j = -w. List the prime factors of w.
89
Suppose -k - 1 = v, -4*k + 3 - 2 = 3*v. Suppose 5*z - k*f - 443 = 0, z + 4*f - 118 + 15 = 0. List the prime factors of z.
7, 13
Let i be (161/(-28))/23 + 1431/(-4). Let r = -56 - i. What are the prime factors of r?
2, 151
Suppose -6*i - 2 = -4*i - 2*h, -5*i + 4*h = 0. Let l be 0/i*(-1)/(-3). Suppose l = -5*n - u + 289, -2*u - 119 = -2*n + u. What are the prime factors of n?
2, 29
Let c(t) = t**3 - 20*t**2 + 22*t - 29. Let j(s) = s**3 - 24*s**2 - s + 44. Let w be j(24). What are the prime factors of c(w)?
3, 137
Let v = -3200 - -4193. What are the prime factors of v?
3, 331
Let f be 35408/128 - (0 - (-3)/(-8)). Suppose f = -5*u + 1177. What are the prime factors of u?
2, 3, 5
Let l(p) = -110*p + 101*p + 24 + 30. Let f be l(6). Suppose 12*r + f*r = 1620. List the prime factors of r.
3, 5
Suppose -3*s + 11 = -t, 0 = -5*s + 3*s - 3*t + 11. Suppose -2*p - s*p - 66 = 0. Let i(r) = -r**3 - 9*r**2 + 22*r + 10. What are the prime factors of i(p)?
2, 5
Suppose 0 = 2*n - 2*l - 12, 5*n = -5*l - 19 + 59. Let y be 62*(-2 - (-14)/(-4)). What are the prime factors of y/(-7) + 1/(n/2)?
7
Let h(n) = 21*n - 13*n - 8*n - 8*n - 38. Let g be 10*-3*4/(-16)*-2. What are the prime factors of h(g)?
2, 41
Let a = 511 + -517. List the prime factors of (a/2)/(9/(-2193))*1.
17, 43
Let u be 6092/7 + 44/(-154). Suppose 874 = -5*t + 4*n + 14, 5*t + u = 2*n. List the prime factors of 32/t + (-576)/(-22).
2, 13
Suppose 2*x = w - 854, -4*w - 1291 = 3*x - 3*w. Let o = -251 - x. What are the prime factors of o?
2, 89
Suppose 6*b - 4*p - 137174 = 0, -p + 8 = 4. What are the prime factors of b?
5, 17, 269
Let j be (-5 + 2/1)*(-32)/6. Let s be (5 - j)*((-4)/2 - -1). Suppose -3*d - s = -302. List the prime factors of d.
97
Suppose 4*u - 676 = -2*w, -u + 2*u = 2*w + 169. Suppose u + 2821 = 23*f. What are the prime factors of f?
2, 5, 13
Let s(y) = 5*y + 16. Suppose 0 = -2*x - 2*w + 28, 2*w + 91 = 5*x - 0*w. Let k = x - 14. What are the prime factors of s(k)?
31
Let v be (-4)/(-3) - 6106/(-258). Let b(q) = 8*q - 25. What are the prime factors of b(v)?
5, 7
Suppose 21*n = 19*n + 19*w + 47028, -4*n + 3*w + 93986 = 0. What are the prime factors of n?
5, 37, 127
Suppose -48*u + 516207 - 37935 = 0. What are the prime factors of u?
2, 47, 53
Let k(c) = 25*c**2 + 53*c - 444. What are the prime factors of k(-36)?
2, 3, 313
Let h be (-82540)/(-100) + (-4)/10. Let w = h + -579. What are the prime factors of w?
2, 3, 41
Suppose -19*a + a = -354486 - 163932. List the prime factors of a.
83, 347
Let p be -6*(-6 - (-48)/9). Suppose -k - 7*u + 867 = -5*u, p*k + 2*u = 3444. List the prime factors of k.
859
Let u(k) = k**3 - 46*k**2 - 13*k + 245. Let f be u(46). Let t = f + 603. What are the prime factors of t?
2, 5
Let s be (-789)/15 - (-10)/(-25). Suppose -4*m + 321 = -m. Let q = m + s. What are the prime factors of q?
2, 3
Let w be (60 + -48)*2/(-8). Let a(p) = -4 + 1 - 3*p + p + 8*p**2. What are the prime factors of a(w)?
3, 5
Suppose 96*s - 481795 = 1485821. List the prime factors of s.
2, 3, 7, 61
Let b(z) = -3*z + 30. Let s be b(9). Suppose 4*t = -l + 107, 2*l - s*l = t - 26. List the prime factors of t.
3
Suppose 0 = 4*w - 28 + 4. Let v = -17 + w. Let r = 60 + v. What are the prime factors of r?
7
Let q = 29 + -27. Suppose -429 = -3*u + q*d, 40 + 103 = u + 5*d. What are the prime factors of u?
11, 13
Suppose 12*d = 10*d - 72. Let o(g) = -g**3 + 20*g**2 - 15*g - 79. Let b be o(19). What are the prime factors of (-2)/b*d/(-32)*144?
2, 3
Suppose -98*o - 2572054 = -360*o. List the prime factors of o.
9817
Suppose -17*i + 20 = -12*i. Suppose -5*w - 108 = -o - 6*w, 429 = i*o + 3*w. Suppose r - 55 = -2*x + 141, -x + 3*r = -o. What are the prime factors of x?
3, 11
Let a = 2157 + -1488. Suppose -u + a = 6*t - 11*t, -4*t = -5*u + 3324. What are the prime factors of u?
2, 83
Let y = -524 + 574. Suppose y*n - 34932 = 9*n. List the prime factors of n.
2, 3, 71
Let v = 2197 - -19141. List the prime factors of v.
2, 47, 227
Suppose 0 = -14*j + 2137 - 639. Let z be (-2 + -1)/((-1)/j). Suppose 2*o = -3*o + 4*c + 811, -z = -2*o + 5*c. What are the prime factors of o?
163
Suppose 155 = -j + 167. Let i = j + -8. Suppose -222 = -i*v + 198. List the prime factors of v.
3, 5, 7
Let o(w) = -73*w - 2169. What are the prime factors of o(-65)?
2, 7, 23
Suppose -4*y - 20656 = 3*z, -2 = -2*z - 10. List the prime factors of 160/(-880) + 1/((-11)/y).
7, 67
Suppose 3*z + 4*q = 5942, -27*q = -31*q - 4. What are the prime factors of z?
2, 991
Let w = -403 - -1135. Suppose -6*k = -4*k - 8. What are the prime factors of w/16 + ((-3)/k - -1)?
2, 23
Let m(h) be the first derivative of 12*h**2 + 13*h - 5. Let d be m(-2). Let z = 222 - d. List the prime factors of z.
257
Let j = 16244 + -9686. What are the prime factors of j?
2, 3, 1093
Let f be 1*(0 + 1 + -4). Let n(s) = -98*s**2 + 286*s**2 - 1 - 94*s**2 - 72*s**2. List the prime factors of n(f).
197
Suppose -2*m - 6 = -10. Suppose -4*l - m = -10. Suppose 341 = 5*h - 3*p, 2*h + 2*p + l*p - 126 = 0. What are the prime factors of h?
67
Let o(z) = -187*z**3 - 5*z**2 - 51*z - 9. What are the prime factors of o(-5)?
2, 3, 11, 89
Suppose 0 = -4*c - 0*c + 5*d + 134243, -c = -2*d - 33560. List the prime factors of c.
2, 97, 173
Let z = 78075 + -26485. What are the prime factors of z?
2, 5, 7, 11, 67
Let b = -83 + 87. Suppose 5*y + 10*a = 5*a + 1050, 5*y - b*a - 1014 = 0. What are the prime factors of y?
2, 103
Let f(l) = -1 - 89*l**2 + 353*l**2 + 142*l**2. What are the prime factors of f(-1)?
3, 5
Let b = -92518 + 167646. List the prime factors of b.
2, 9391
Let w be (-1)/(-2*1/4). Suppose w*b = -677 - 37. List the prime factors of 2/8 - b/12.
2, 3, 5
Let d = 34 - -2585. List the prime factors of d.
3, 97
Let k(z) = z**2 - 9*z + 25. Let j be k(5). Suppose -3896 = -j*d + 3044. Suppose 5*b + 443 - d = 0. List the prime factors of b.
3, 7
Suppose -16197 = -12*o + 31779. What are the prime factors of o?
2, 1999
Let y = -4 + 4. Let z(j) = -404*j - 50. Let s be z(-1). Suppose y*r = 3*r - s. What are the prime factors of r?
2, 59
Let x(g) = -320*g - 95. Let q be x(-5). Let w = q - 875. What are the prime factors of w?
2, 3, 5, 7
Let x(z) = -z + 15. Let s be x(12). Let j be (2 - 1)/((-11)/(-88)*2). Suppose 0 = -j*k - s*r + 379, -k - r + 94 = -0*k. What are the prime factors of k?
97
Let t(z) = z**3 + z**2 - 5*z + 3. Suppose 6 = -3*d + d. Let n be t(d). Suppose n = 7*w + 4*w - 814. What are the prime factors of w?
2, 37
Let y(t) = 37*t**3 - 13*t**2 - 172*t + 1790. What are the prime factors of y(13)?
2, 39323
Let c be (-2)/(4/(-6)) - (-315)/(-1). Let v = -219 - c. List the prime factors of v.
3, 31
Suppose 111*s - 24*s - 3100593 = 0. List the prime factors of s.
157, 227
Let v = -1879 + 6379. What are the prime factors of v?
2, 3, 5
Let d(u) = -13*u**3 - 3*u**2 - 113*u - 74. List the prime factors of d(-11).
7, 13, 199
Let z(m) = -8*m**3 + 19*m**2 + 59*m + 10. Let q(f) = -7*f**3 + 18*f**2 + 59*f + 10. Let g(v) = -6*q(v) + 5*z(v). List the prime factors of g(12).
2, 433
Suppose -1089978 = -56*x + 1886590. What are the prime factors of x?
23, 2311
Let z(h) = 1556*h + 5427. List the prime factors of z(29).
50551
Let o(u) be the second derivative of u**5/20 + 5*u**4/12 - 3*u**3/2 + 9*u**2/2 + 54*u + 1. What are the prime factors of o(-4)?
61
Let z(o) = 3*o**2 + 12*o - 5. Let r(d) = 5*d**2 + 23*d - 9. Let x(j) = -6*r(j) + 11*z(j). Let g = 4135 - 4128. List the prime factors of x(g).
2, 13
List the prime factors of 6/4*(-59584)/(-912).
2, 7
Suppose -9877 + 3